x(2).
5
Let c(y) = -4*y - 35. Determine c(-7).
-7
Let u(c) = 14*c**2 + 100*c + 9. Calculate u(-7).
-5
Let y(d) = d**2 - 28*d + 54. Give y(26).
2
Let h(a) = a**3 - 6*a**2 + 5*a. Calculate h(6).
30
Let k(t) = -12*t - 35. Calculate k(-5).
25
Let z(y) = y**3 - 8*y**2 + 5*y + 7. Determine z(7).
-7
Let f(g) = -g**3 - 25*g**2 - 81*g + 66. Calculate f(-21).
3
Let y(u) = 5*u - 21. Give y(-7).
-56
Let s(b) = b**2 + 3*b + 6. Calculate s(-4).
10
Let n(h) = -25*h**3 + 2*h. Calculate n(-1).
23
Let d(n) = -n**2 + 11*n - 17. What is d(7)?
11
Let r(d) = d**3 - 11*d**2 - 11*d + 1. Calculate r(12).
13
Let f(h) = 2*h**2 - 40*h - 45. Determine f(21).
-3
Let l(b) = -b**3 + 7*b**2 - 7*b + 6. Determine l(4).
26
Let m(k) = -3*k**2 + 32*k + 12. Calculate m(11).
1
Let u(h) = -10*h - 33. Give u(-4).
7
Let g(i) = i + 14. Determine g(6).
20
Let f(x) = -x**2 + 12*x. Calculate f(11).
11
Let w(k) = -k**2 + 6*k + 5. Determine w(6).
5
Let v(d) = -5*d + 45. Calculate v(10).
-5
Let k(j) = j**2 - 5*j - 5. Calculate k(3).
-11
Let d(z) = -z - 7. Determine d(-7).
0
Let d(i) = -37*i. Determine d(-1).
37
Let f(x) = x**2 - 4*x - 20. Calculate f(-5).
25
Let u(q) = -q**3 - 13*q**2 - 6*q + 9. Calculate u(-12).
-63
Let n(z) = -z**2 - 45*z + 241. Determine n(-50).
-9
Let y(r) = -2*r**2 + 31*r + 14. What is y(15)?
29
Let y(t) = -t**3 - t**2 - 2*t - 28. Determine y(0).
-28
Let y(r) = -15*r**2 - 1. Calculate y(-1).
-16
Let j(x) = -x**3 + 8*x**2 - 13*x + 22. Calculate j(7).
-20
Let s(h) = 43*h**2 + 3*h + 1. Give s(-1).
41
Let a(x) = 11*x + 151. Give a(-14).
-3
Let f(t) = t**3 + 16*t**2 + 17*t + 26. Give f(-15).
-4
Let h(r) = 2*r**2 + 19. Give h(7).
117
Let w(m) = -3*m**2 - 94*m - 27. Give w(-31).
4
Let v(p) = p**3 + 11*p**2 - 5*p + 76. What is v(-12)?
-8
Let x(n) = 2*n**2 - 4*n + 9. Give x(4).
25
Let v(z) = -5*z**2 + z - 1. What is v(-1)?
-7
Let s(v) = -v**2 - 31*v - 171. Determine s(-25).
-21
Let k(t) = -3*t - 37. Calculate k(-6).
-19
Let h(b) = 23*b + 51. Determine h(-3).
-18
Let t(k) = 5*k**2 - 12*k + 18. Give t(2).
14
Let b(r) = -15*r + 479. Determine b(31).
14
Let b(h) = -62*h + 351. Give b(5).
41
Let i(t) = -14*t + 381. Give i(27).
3
Let c(z) = 94*z**3 - z**2 + 3*z - 2. Calculate c(1).
94
Let f(l) = -2*l**2 + 5*l - 1. Give f(2).
1
Let d(u) = 2*u - 20. What is d(10)?
0
Let c(d) = -3*d + 22. Give c(5).
7
Let c(n) = 13*n - 28. Calculate c(2).
-2
Let b(r) = -21*r + 2. Determine b(-1).
23
Let f(c) = -19*c + 36. Calculate f(2).
-2
Let m(v) = -v**2 - 6*v + 33. Calculate m(-9).
6
Let j(b) = -24*b - 1316. Give j(-55).
4
Let z(j) = -j**2 + 15*j - 20. Give z(12).
16
Let w(a) = a**2 - a + 3. Determine w(-2).
9
Let z(q) = -q**3 + 10*q**2 + 7. What is z(10)?
7
Let y(a) = 2*a - 1. Give y(-7).
-15
Let q(y) = y**2 + y + 6. Determine q(-5).
26
Let h(s) = s**3 - 65*s**2 - 62*s - 261. Give h(66).
3
Let v(p) = -11*p - 35. What is v(-3)?
-2
Let o(j) = -2*j - 14. Determine o(-8).
2
Let c(v) = -27*v - 141. Calculate c(-5).
-6
Let q(s) = -6*s - 46. Calculate q(-9).
8
Let i(v) = -4*v + 12. Determine i(6).
-12
Let j(r) = -31*r - 2. What is j(0)?
-2
Let h(v) = v**2 - 46*v - 149. What is h(49)?
-2
Let j(m) = m**2 - 7*m. Calculate j(7).
0
Let n(h) = -h**2 + 13*h + 30. What is n(15)?
0
Let o(f) = 11*f + 209. Determine o(-20).
-11
Let x(l) = l**3 + 4*l**2 - 7*l + 7. Calculate x(-5).
17
Let g(j) = 6*j - 5. What is g(6)?
31
Let i(a) = a**2 + 15*a - 121. Determine i(-21).
5
Let a(r) = -r**3 + 6*r**2 - 3*r + 7. Give a(5).
17
Let o(p) = p**3 + 12*p - 3. Calculate o(0).
-3
Let a(i) = i**3 - 12*i**2 + i - 8. What is a(12)?
4
Let q(l) = 12*l + 3. Give q(1).
15
Let d(h) = h - 4. Calculate d(-8).
-12
Let p(y) = y**2 - 26*y - 1587. Give p(55).
8
Let x(o) = o**2 + 11*o - 85. Give x(-16).
-5
Let q(b) = b**2 - 5*b - 10. Calculate q(7).
4
Let l(w) = w**3 - 20*w**2 - 44*w - 11. What is l(22)?
-11
Let t(m) = -m**3 - 27*m**2 + 59*m + 38. Give t(-29).
9
Let d(g) = -g - 33. Calculate d(6).
-39
Let l(o) = -2*o**2 - 9*o + 21. Give l(-6).
3
Let a(f) = -3*f**3 - f**2 + 5*f + 5. Give a(-1).
2
Let t(k) = k**2 - 18*k + 2. Determine t(18).
2
Let x(c) = 37*c - 109. Give x(3).
2
Let i(n) = n**3 + 8*n**2 - 7*n + 7. Calculate i(-9).
-11
Let b(o) = 2*o**3 + 5*o**2 + 2*o. Calculate b(-3).
-15
Let q(n) = -3*n**2 - 9*n - 21. Determine q(-3).
-21
Let q(m) = 31*m**2 - 529*m + 37. Determine q(17).
3
Let r(t) = t**3 - 2*t**2 - 6*t + 1. Calculate r(5).
46
Let v(z) = z**3 + 7*z**2 + 10*z + 9. Give v(-4).
17
Let a(d) = d - 35. Give a(19).
-16
Let h(y) = -15*y + 18. What is h(4)?
-42
Let n(h) = 28*h**2 + 5*h - 1. Give n(2).
121
Let r(k) = -k**2 + 6*k + 3. Determine r(7).
-4
Let v(x) = 3*x**2 + 14*x - 52. Give v(-7).
-3
Let d(j) = -2*j - 94. Determine d(7).
-108
Let x(b) = -2*b**3 + 13*b**2 - 7*b + 6. Determine x(6).
0
Let i(g) = 8*g**2 - 2*g. Give i(-2).
36
Let o(s) = 2*s + 18. Give o(-10).
-2
Let v(c) = -33*c**2 + c + 2. Determine v(-1).
-32
Let u(k) = -16*k + 1. Determine u(-1).
17
Let k(c) = 6*c + 227. Determine k(-38).
-1
Let l(a) = -a**2 - 6*a - 2. Determine l(-4).
6
Let t(m) = m + 16. Give t(-14).
2
Let j(v) = 6*v**2 - 2*v - 7. What is j(-2)?
21
Let m(t) = 4*t + 150. Determine m(-38).
-2
Let o(j) = 3*j**2 - 19*j + 14. What is o(5)?
-6
Let i(p) = 7*p**3 - 2*p**2 + 2*p + 3. What is i(-1)?
-8
Let z(f) = f**3 + 51*f**2 - 161*f + 38. Calculate z(-54).
-16
Let c(x) = x**2 + 25*x + 31. Calculate c(-23).
-15
Let b(w) = 7*w + 10. Determine b(-5).
-25
Let d(u) = u**3 + 9*u**2 + 15*u + 7. What is d(-7)?
0
Let w(c) = c**3 + 20*c**2 - 25*c - 100. Determine w(-21).
-16
Let q(h) = 2*h**2 - 8*h - 43. Determine q(7).
-1
Let o(j) = -j**3 + 16*j**2 - 23*j + 125. Give o(15).
5
Let w(o) = -7*o**2. Give w(1).
-7
Let j(m) = m**3 + 22*m**2 + 37*m - 45. What is j(-20)?
15
Let l(w) = -w**3 + 28*w**2 + 165*w - 38. Give l(33).
-38
Let f(w) = w**3 + 35*w**2 - 30*w + 219. What is f(-36)?
3
Let l(v) = -v**2 - 5*v - 5. Calculate l(-3).
1
Let m(u) = -u**3 + 18*u**2 - 21*u + 20. Calculate m(17).
-48
Let l(y) = y**2 - 12*y + 10. Determine l(11).
-1
Let u(c) = -c**3 + 6*c + 11. Give u(-2).
7
Let t(j) = -j**2 + 10*j. Calculate t(9).
9
Let o(d) = 7*d + 43. Calculate o(16).
155
Let r(j) = j**2 - 4*j + 1. Calculate r(-4).
33
Let f(m) = 2*m**3 - 12*m**2 + 3*m + 16. What is f(5)?
-19
Let g(p) = -3*p + 3. Determine g(1).
0
Let p(s) = -26*s - 326. What is p(-13)?
12
Let t(f) = -3*f + 27. Determine t(8).
3
Let t(p) = -p - 14. Calculate t(1).
-15
Let k(a) = -30*a**2 - 2*a - 3. What is k(-1)?
-31
Let n(k) = -k**2 + 16*k + 51. What is n(-3)?
-6
Let m(v) = 9*v + 37. Give m(-9).
-44
Let h(o) = -8*o**2 - 4*o + 1. What is h(2)?
-39
Let n(s) = s**3 - 3*s**2 + 5*s - 7. Determine n(2).
-1
Let q(k) = -2*k + 4. Give q(12).
-20
Let u(b) = -3*b + 66. Calculate u(11).
33
Let t(z) = -3*z**2 + 3*z + 3. Calculate t(4).
-33
Let s(x) = x**3 - 13*x**2 + 12*x + 17. What is s(12)?
17
Let n(g) = g**2 - 4*g - 1. What is n(3)?
-4
Let a(k) = k**2 + 15*k + 6. Calculate a(-6).
-48
Let l(g) = -g**3 + 12*g**2 - 2*g + 5. Give l(12).
-19
Let b(t) = -t**3 + t**2 + 3*t + 1. Determine b(-2).
7
Let b(l) = -91*l + 176. Calculate b(2).
-6
Let n(d) = d**3 - d**2 - d - 11. Determine n(0).
-11
Let j(r) = r**3 + 7*r**2 + 6*r + 1. Calculate j(-4).
25
Let u(o) = 3*o + 42. What is u(-11)?
9
Let r(j) = 2*j**2 - 23*j - 40. Calculate r(13).
-1
Let y(c) = 18*c - 103. Determine y(8).
41
Let f(z) = z + 7. Determine f(-7).
0
Let w(a) = a + 1. What is w(-4)?
-3
Let o(l) = -l**2 - 14*l + 21. Calculate o(-14).
21
Let x(d) = -d**2 + 12*d - 43. Determine x(6).
-7
Let c(o) = o**2 + 2*o - 48. What is c(-7)?
-13
Let j(i) = -15*i**2 + 3*i - 2. Calculate j(2).
-56
Let k(r) = 2*r**3 + 20*r**2 - 111*r + 17. Determine k(-14).
3
Let k(j) = -2*j + 19. What is k(10)?
-1
Let q(b) = -b. Determine q(-3).
3
Let x(l) = -3*l + 33. Determine x(15).
-12
Let c(y) = y**3 - 16*y**2 + 8*y + 17. What is c(15)?
-88
Let h(o) = -39*o. Give h(-1).
39
Let o(b) = 5*b**3 + b**2 + b. What is o(-1)?
-5
Let g(w) = w**2 - 19*w + 28. Calculate g(19).
28
Let o(l) = l + 33. What is o(10)?
43
Let c(r) = 2*r**2 - 79*r + 136. Calculate c(38).
22
Let m(c) = c**2 + 17*c + 1. Calculate m(-15).
-29
Let i(z) = z**2 - 15*z - 12. What is i(11)?
-56
Let b(s) = 3*s**2 - 29*s + 23. What is b(8)?
-17
Let w(s) = 7*s + 3. What is w(-11)?
-74
Let w(u) = -3*u**2 - u. Give w(2).
-14
Let f(m) = 41*m + 733. Dete